{"id":96,"date":"2025-03-19T20:14:45","date_gmt":"2025-03-19T19:14:45","guid":{"rendered":"https:\/\/arcticfoxexperience.se\/?page_id=96"},"modified":"2026-03-13T10:39:27","modified_gmt":"2026-03-13T09:39:27","slug":"96-2","status":"publish","type":"page","link":"https:\/\/arcticfoxexperience.se\/?page_id=96","title":{"rendered":"Fj\u00e4llr\u00e4vstur"},"content":{"rendered":"<p>[et_pb_section fb_built=&#8221;1&#8243; custom_padding_last_edited=&#8221;on|tablet&#8221; admin_label=&#8221;Packages&#8221; _builder_version=&#8221;4.16&#8243; custom_padding=&#8221;110px||110px|&#8221; custom_padding_tablet=&#8221;0px||0px|&#8221; custom_padding_phone=&#8221;&#8221; global_colors_info=&#8221;{}&#8221;][et_pb_row custom_padding_last_edited=&#8221;on|phone&#8221; admin_label=&#8221;Packages Title&#8221; _builder_version=&#8221;4.27.4&#8243; custom_padding=&#8221;60px|0px|60px|0px|true|false&#8221; custom_padding_tablet=&#8221;60px||0px|&#8221; custom_padding_phone=&#8221;&#8221; locked=&#8221;off&#8221; global_colors_info=&#8221;{}&#8221;][et_pb_column type=&#8221;4_4&#8243; _builder_version=&#8221;4.16&#8243; custom_padding=&#8221;|||&#8221; global_colors_info=&#8221;{}&#8221; custom_padding__hover=&#8221;|||&#8221;][et_pb_text _builder_version=&#8221;4.27.4&#8243; text_font=&#8221;||||&#8221; text_text_color=&#8221;#1a1a1a&#8221; header_font=&#8221;Oswald|on||on|&#8221; header_text_align=&#8221;center&#8221; header_font_size=&#8221;60px&#8221; header_line_height=&#8221;1.3em&#8221; module_alignment=&#8221;center&#8221; custom_margin=&#8221;|||&#8221; custom_padding=&#8221;|||&#8221; animation_style=&#8221;slide&#8221; animation_direction=&#8221;top&#8221; animation_intensity_slide=&#8221;10%&#8221; locked=&#8221;off&#8221; global_colors_info=&#8221;{}&#8221;]<\/p>\n<h1>Fj\u00e4llr\u00e4vstur<\/h1>\n<p>[\/et_pb_text][et_pb_divider color=&#8221;#ed4441&#8243; divider_position=&#8221;center&#8221; divider_weight=&#8221;3px&#8221; disabled_on=&#8221;off|off|off&#8221; _builder_version=&#8221;4.16&#8243; max_width=&#8221;150px&#8221; module_alignment=&#8221;center&#8221; height=&#8221;false&#8221; custom_margin=&#8221;30px|||&#8221; animation_style=&#8221;slide&#8221; animation_direction=&#8221;top&#8221; animation_delay=&#8221;100ms&#8221; animation_intensity_slide=&#8221;10%&#8221; locked=&#8221;off&#8221; global_colors_info=&#8221;{}&#8221;][\/et_pb_divider][\/et_pb_column][\/et_pb_row][et_pb_row column_structure=&#8221;1_2,1_2&#8243; admin_label=&#8221;Package&#8221; _builder_version=&#8221;4.16&#8243; background_size=&#8221;initial&#8221; background_position=&#8221;top_left&#8221; background_repeat=&#8221;repeat&#8221; global_colors_info=&#8221;{}&#8221;][et_pb_column type=&#8221;1_2&#8243; _builder_version=&#8221;4.16&#8243; custom_padding=&#8221;|||&#8221; global_colors_info=&#8221;{}&#8221; custom_padding__hover=&#8221;|||&#8221;][et_pb_image src=&#8221;https:\/\/arcticfoxexperience.se\/wp-content\/uploads\/2025\/03\/IMG_6989-1.jpg&#8221; title_text=&#8221;IMG_6989&#8243; align_tablet=&#8221;center&#8221; align_phone=&#8221;center&#8221; align_last_edited=&#8221;on|desktop&#8221; admin_label=&#8221;Package Image&#8221; _builder_version=&#8221;4.27.4&#8243; animation_style=&#8221;fold&#8221; animation_direction=&#8221;right&#8221; animation_intensity_fold=&#8221;20%&#8221; global_colors_info=&#8221;{}&#8221;][\/et_pb_image][\/et_pb_column][et_pb_column type=&#8221;1_2&#8243; _builder_version=&#8221;4.16&#8243; custom_padding=&#8221;|||&#8221; global_colors_info=&#8221;{}&#8221; custom_padding__hover=&#8221;|||&#8221;][et_pb_text admin_label=&#8221;Package Title&#8221; _builder_version=&#8221;4.27.4&#8243; text_font=&#8221;Oswald||||&#8221; text_text_color=&#8221;#1a1a1a&#8221; text_font_size=&#8221;24px&#8221; background_size=&#8221;initial&#8221; background_position=&#8221;top_left&#8221; background_repeat=&#8221;repeat&#8221; animation_style=&#8221;zoom&#8221; animation_direction=&#8221;left&#8221; animation_intensity_zoom=&#8221;10%&#8221; global_colors_info=&#8221;{}&#8221;]<\/p>\n<p>Heldag &#8211; 14 timmars tur<\/p>\n<p>[\/et_pb_text][et_pb_text admin_label=&#8221;Description&#8221; _builder_version=&#8221;4.27.4&#8243; text_font=&#8221;Roboto||||&#8221; text_font_size=&#8221;16px&#8221; text_line_height=&#8221;1.8em&#8221; background_size=&#8221;initial&#8221; background_position=&#8221;top_left&#8221; background_repeat=&#8221;repeat&#8221; animation_style=&#8221;zoom&#8221; animation_direction=&#8221;left&#8221; animation_delay=&#8221;100ms&#8221; animation_intensity_zoom=&#8221;10%&#8221; global_colors_info=&#8221;{}&#8221;]<\/p>\n<p>Den tur jag erbjuder \u00e4r en tur som de flesta klarar av att genomf\u00f6ra. Beroende p\u00e5 varifr\u00e5n vi startar \u00e5ker vi bil ca 2 timmar till och fr\u00e5n platsen d\u00e4r vandringen b\u00f6rjar.<\/p>\n<p>Vi kommer att vandra ungef\u00e4r en mil under dagen b\u00e5de efter led men \u00e4ven i obanad terr\u00e4ng. Hela turen kommer att ta ca 14 timmar. Tanken \u00e4r att vi inte ska ha f\u00f6r br\u00e5ttom utan vi ska under vandringen\/bilf\u00e4rden hinna titta p\u00e5 en del saker. B\u00e5de floran, faunan och annat \u00e4r intressant i omr\u00e5det. St\u00f6rst chans att f\u00e5 se r\u00e4varna \u00e4r p\u00e5 kv\u00e4llen s\u00e5 vi kommer att dr\u00f6ja oss kvar vid en utkiksplats till ganska sent. Viktigt under turen \u00e4r att inte st\u00f6ra r\u00e4varna s\u00e5 vi kommer att befinna oss en bra bit ifr\u00e5n dem. Guidningen sker i samr\u00e5d med L\u00e4nsstyrelsen och vi f\u00f6rh\u00e5ller oss till de regler de satt upp.<\/p>\n<p>F\u00f6r att du ska f\u00e5 ut s\u00e5 mycket som m\u00f6jligt av turen kommer jag kv\u00e4llen innan att ber\u00e4tta om fj\u00e4llr\u00e4ven i v\u00e4rlden\/sverige och specifikt f\u00f6r omr\u00e5det samt om bevarandearbetet. Vi kommer d\u00e5 ocks\u00e5 ha en genomg\u00e5ng av turen och vad ni ska t\u00e4nka p\u00e5 f\u00f6r att f\u00e5 ut s\u00e5 mycket som m\u00f6jligt av den kommande dagen.<\/p>\n<p>Det enda ni m\u00e5ste ha med er \u00e4r bra skor att g\u00e5 i och passande kl\u00e4der (jag har regnponchos om ni inte har egna regnkl\u00e4der). \u00c4ven om det \u00e4r sommar kan det vara kyligt p\u00e5 fj\u00e4llet \u2013 s\u00e4rskilt p\u00e5 kv\u00e4llen.<\/p>\n<p>Detta ing\u00e5r i turen:<\/p>\n<p>Dag 1 &#8211; kv\u00e4llen innan turen:<\/p>\n<p>&#8211; F\u00f6rel\u00e4sning om fj\u00e4llr\u00e4v<\/p>\n<p>&#8211; Genomg\u00e5ng av utrustning (kikare, tubkikare ryggs\u00e4ckar, kl\u00e4dval)<\/p>\n<p>&#8211; F\u00f6re turen kommer ni signera ett avtal om sekretess och f\u00f6rh\u00e5llningss\u00e4tt ni m\u00e5ste f\u00f6lja under turen.<\/p>\n<p>Dag 2<\/p>\n<p>&#8211; Vi startar vid 08-09 tiden p\u00e5 morgonen och \u00e5ker bil ca 2 timme (2 stopp p\u00e5 v\u00e4gen).<\/p>\n<p>&#8211; Macka och kaffe\/te vid 11 tiden<\/p>\n<p>&#8211; Vandring ca 2 timmar d\u00e5 vi tittar p\u00e5 blommor och annat.<\/p>\n<p>&#8211; lunch p\u00e5 fj\u00e4llet vid 13-14 tiden<\/p>\n<p>&#8211; Vandring till utkiksplats &#8211; macka och kaffe\/te<\/p>\n<p>&#8211;\u00a0 Vandring ner fr\u00e5n fj\u00e4llet och bilf\u00e4rd hem.<\/p>\n<p>Fika, kombinerad lunch\/middag, termos, kikare, tubkikare, sittplatser och ryggs\u00e4ckar st\u00e5r jag f\u00f6r. Lite eget favoritsnacks\/dricka kan vara bra att ha med \ud83d\ude42<\/p>\n<p>[\/et_pb_text][et_pb_text admin_label=&#8221;Info&#8221; _builder_version=&#8221;4.27.4&#8243; text_font=&#8221;Roboto||||&#8221; text_text_color=&#8221;#1a1a1a&#8221; text_font_size=&#8221;16px&#8221; background_size=&#8221;initial&#8221; background_position=&#8221;top_left&#8221; background_repeat=&#8221;repeat&#8221; custom_margin=&#8221;|||&#8221; custom_padding=&#8221;||10px|&#8221; animation_style=&#8221;zoom&#8221; animation_direction=&#8221;left&#8221; animation_delay=&#8221;200ms&#8221; animation_intensity_zoom=&#8221;10%&#8221; global_colors_info=&#8221;{}&#8221;]<\/p>\n<h3>&#8211; Bokningsbar tid<\/h3>\n<p>Fj\u00e4llr\u00e4vstur g\u00e5r att boka perioden<br \/>fr\u00e5n 27 juni till 16 augusti<\/p>\n<h3>Pris<\/h3>\n<p>5 300:- per person (inkl.moms)<\/p>\n<p>minst 2 max 4 personer<\/p>\n<p>Boka tur genom att ringa mig (072-2468278) eller maila info@arcticfoxexperience.se<\/p>\n<p>&nbsp;<\/p>\n<p>[\/et_pb_text][\/et_pb_column][\/et_pb_row][\/et_pb_section][et_pb_section fb_built=&#8221;1&#8243; custom_padding_last_edited=&#8221;on|phone&#8221; admin_label=&#8221;Offer&#8221; _builder_version=&#8221;4.16&#8243; background_color=&#8221;rgba(0,0,0,0.5)&#8221; background_image=&#8221;https:\/\/arcticfoxexperience.se\/wp-content\/uploads\/2025\/03\/travel-landscape-19.jpg&#8221; background_blend=&#8221;color&#8221; custom_padding=&#8221;120px||120px|&#8221; custom_padding_tablet=&#8221;80px||80px|&#8221; custom_padding_phone=&#8221;&#8221; locked=&#8221;off&#8221; global_colors_info=&#8221;{}&#8221;][et_pb_row _builder_version=&#8221;4.16&#8243; custom_margin=&#8221;|||&#8221; global_colors_info=&#8221;{}&#8221;][et_pb_column type=&#8221;4_4&#8243; _builder_version=&#8221;4.16&#8243; custom_padding=&#8221;|||&#8221; global_colors_info=&#8221;{}&#8221; custom_padding__hover=&#8221;|||&#8221;][et_pb_text admin_label=&#8221;CTA Section Subtitle&#8221; _builder_version=&#8221;4.27.4&#8243; text_font=&#8221;Roboto|on||on|&#8221; text_font_size=&#8221;24px&#8221; text_letter_spacing=&#8221;4px&#8221; text_orientation=&#8221;center&#8221; background_layout=&#8221;dark&#8221; module_alignment=&#8221;center&#8221; animation_style=&#8221;zoom&#8221; animation_intensity_zoom=&#8221;20%&#8221; global_colors_info=&#8221;{}&#8221;]<\/p>\n<p>L\u00e4gg till en upplevelse<\/p>\n<p>[\/et_pb_text][et_pb_text admin_label=&#8221;CTA Section Title&#8221; _builder_version=&#8221;4.27.4&#8243; text_font=&#8221;||||&#8221; header_font=&#8221;Oswald|on||on|&#8221; header_text_align=&#8221;center&#8221; header_font_size=&#8221;60px&#8221; header_line_height=&#8221;1.3em&#8221; background_layout=&#8221;dark&#8221; module_alignment=&#8221;center&#8221; custom_margin=&#8221;|||&#8221; custom_padding=&#8221;|||&#8221; animation_style=&#8221;zoom&#8221; animation_delay=&#8221;100ms&#8221; animation_intensity_zoom=&#8221;20%&#8221; locked=&#8221;off&#8221; global_colors_info=&#8221;{}&#8221;]<\/p>\n<h1>Hyr B\u00c5T\/kanot i Dalasj\u00f6<\/h1>\n<p>[\/et_pb_text][et_pb_divider color=&#8221;#ffffff&#8221; divider_position=&#8221;center&#8221; divider_weight=&#8221;3px&#8221; disabled_on=&#8221;off|off|off&#8221; _builder_version=&#8221;4.16&#8243; max_width=&#8221;150px&#8221; module_alignment=&#8221;center&#8221; height=&#8221;false&#8221; animation_style=&#8221;zoom&#8221; animation_delay=&#8221;200ms&#8221; animation_intensity_zoom=&#8221;20%&#8221; locked=&#8221;off&#8221; global_colors_info=&#8221;{}&#8221;][\/et_pb_divider][et_pb_text _builder_version=&#8221;4.16&#8243; text_font=&#8221;Roboto||||&#8221; text_font_size=&#8221;24px&#8221; text_line_height=&#8221;1.4em&#8221; text_orientation=&#8221;center&#8221; background_layout=&#8221;dark&#8221; max_width=&#8221;750px&#8221; module_alignment=&#8221;center&#8221; custom_padding=&#8221;30px||40px|&#8221; animation_style=&#8221;zoom&#8221; animation_delay=&#8221;300ms&#8221; animation_intensity_zoom=&#8221;20%&#8221; global_colors_info=&#8221;{}&#8221;]<\/p>\n<p>I min hemby, Dalasj\u00f6 hyr jag ut b\u00e5t eller kanot s\u00e5 att du kan \u00e5ka ut p\u00e5 \u00e4ventyr p\u00e5 den vackra Ris\u00e5n.<\/p>\n<p>[\/et_pb_text][et_pb_button button_text=&#8221;L\u00e4s mer&#8221; button_alignment=&#8221;center&#8221; _builder_version=&#8221;4.27.4&#8243; custom_button=&#8221;on&#8221; button_text_color=&#8221;#ffffff&#8221; button_border_radius=&#8221;0px&#8221; button_letter_spacing=&#8221;4px&#8221; button_font=&#8221;Oswald|on||on|&#8221; button_icon=&#8221;&#x24;||divi||400&#8243; button_icon_color=&#8221;#ffffff&#8221; background_layout=&#8221;dark&#8221; animation_style=&#8221;zoom&#8221; animation_delay=&#8221;400ms&#8221; animation_intensity_zoom=&#8221;20%&#8221; button_border_color_hover=&#8221;#ffffff&#8221; button_border_radius_hover=&#8221;0px&#8221; button_letter_spacing_hover=&#8221;4px&#8221; button_bg_color_hover=&#8221;rgba(0,0,0,0)&#8221; global_colors_info=&#8221;{}&#8221; button_text_size__hover_enabled=&#8221;off&#8221; button_one_text_size__hover_enabled=&#8221;off&#8221; button_two_text_size__hover_enabled=&#8221;off&#8221; button_text_color__hover_enabled=&#8221;off&#8221; button_one_text_color__hover_enabled=&#8221;off&#8221; button_two_text_color__hover_enabled=&#8221;off&#8221; button_border_width__hover_enabled=&#8221;off&#8221; button_one_border_width__hover_enabled=&#8221;off&#8221; button_two_border_width__hover_enabled=&#8221;off&#8221; button_border_color__hover_enabled=&#8221;on&#8221; button_border_color__hover=&#8221;#ffffff&#8221; button_one_border_color__hover_enabled=&#8221;off&#8221; button_two_border_color__hover_enabled=&#8221;off&#8221; button_border_radius__hover_enabled=&#8221;on&#8221; button_border_radius__hover=&#8221;0px&#8221; button_one_border_radius__hover_enabled=&#8221;off&#8221; button_two_border_radius__hover_enabled=&#8221;off&#8221; button_letter_spacing__hover_enabled=&#8221;on&#8221; button_letter_spacing__hover=&#8221;4px&#8221; button_one_letter_spacing__hover_enabled=&#8221;off&#8221; button_two_letter_spacing__hover_enabled=&#8221;off&#8221; button_bg_color__hover_enabled=&#8221;on&#8221; button_bg_color__hover=&#8221;rgba(0,0,0,0)&#8221; button_one_bg_color__hover_enabled=&#8221;off&#8221; button_two_bg_color__hover_enabled=&#8221;off&#8221;][\/et_pb_button][\/et_pb_column][\/et_pb_row][\/et_pb_section]<\/p>\n","protected":false},"excerpt":{"rendered":"<p>Fj\u00e4llr\u00e4vsturHeldag &#8211; 14 timmars turDen tur jag erbjuder \u00e4r en tur som de flesta klarar av att genomf\u00f6ra. Beroende p\u00e5 varifr\u00e5n vi startar \u00e5ker vi bil ca 2 timmar till och fr\u00e5n platsen d\u00e4r vandringen b\u00f6rjar. Vi kommer att vandra ungef\u00e4r en mil under dagen b\u00e5de efter led men \u00e4ven i obanad terr\u00e4ng. Hela turen [&hellip;]<\/p>\n","protected":false},"author":1,"featured_media":0,"parent":0,"menu_order":0,"comment_status":"closed","ping_status":"closed","template":"","meta":{"_et_pb_use_builder":"on","_et_pb_old_content":"","_et_gb_content_width":"","footnotes":""},"class_list":["post-96","page","type-page","status-publish","hentry"],"_links":{"self":[{"href":"https:\/\/arcticfoxexperience.se\/index.php?rest_route=\/wp\/v2\/pages\/96","targetHints":{"allow":["GET"]}}],"collection":[{"href":"https:\/\/arcticfoxexperience.se\/index.php?rest_route=\/wp\/v2\/pages"}],"about":[{"href":"https:\/\/arcticfoxexperience.se\/index.php?rest_route=\/wp\/v2\/types\/page"}],"author":[{"embeddable":true,"href":"https:\/\/arcticfoxexperience.se\/index.php?rest_route=\/wp\/v2\/users\/1"}],"replies":[{"embeddable":true,"href":"https:\/\/arcticfoxexperience.se\/index.php?rest_route=%2Fwp%2Fv2%2Fcomments&post=96"}],"version-history":[{"count":10,"href":"https:\/\/arcticfoxexperience.se\/index.php?rest_route=\/wp\/v2\/pages\/96\/revisions"}],"predecessor-version":[{"id":337,"href":"https:\/\/arcticfoxexperience.se\/index.php?rest_route=\/wp\/v2\/pages\/96\/revisions\/337"}],"wp:attachment":[{"href":"https:\/\/arcticfoxexperience.se\/index.php?rest_route=%2Fwp%2Fv2%2Fmedia&parent=96"}],"curies":[{"name":"wp","href":"https:\/\/api.w.org\/{rel}","templated":true}]}}